 - 4*v. Suppose -2*c = -5*q - 302, 0 = c - 2*c + 1. Let w be ((-12)/q*15)/(1/2). Give d(w).
10
Let g(d) be the third derivative of 3*d**4/8 + d**3/3 - 19*d**2. Let c = -186 - -261. Let x be (c/125)/((-1)/5). What is g(x)?
-25
Let c(i) = 3*i**3 + 62*i**2 - 8*i - 11. Let j(a) = 4*a**3 + 84*a**2 - 11*a - 15. Let z(m) = -11*c(m) + 8*j(m). What is z(-10)?
1
Let j(k) = 4 + 2 + 10238*k - 10240*k. Let r(f) = f**3 - 12*f**2 + 9*f + 12. Let n be r(11). Let t(g) = -g**2 - 11*g - 2. Let h be t(n). What is j(h)?
-10
Let r(j) = -533*j - 7460. Let x be r(-14). Let c(w) = -7*w**3 + w**2 + w - 3. Calculate c(x).
-53
Let p(f) = f**3 - 6*f**2 + 5*f - 2. Let y = 87 - 73. Suppose 100 = 6*d + y*d. Determine p(d).
-2
Let f(n) = -n**3 + 4*n**2 + 4*n + 12. Suppose 34*m - 9*m - 16*m = 45. Give f(m).
7
Let a(q) = -2*q - 2*q + 5 + 2*q. Let o be (2/(-4))/(3/(-66) + 0). Suppose 3*h - 4 - o = 0. Give a(h).
-5
Let n(q) = -32 - q + 0 + 0*q + 23 - 5*q**2 + 15. What is n(-2)?
-12
Let i(c) = -23*c + 122 + 105 - 643 + 47 + 73. What is i(-13)?
3
Let p(m) = -32*m - 3. Let n = 8979 + -8981. Calculate p(n).
61
Let f(v) = -79*v - 86*v - 19 + 244*v - 80*v. What is f(0)?
-19
Let t be 6 - 12 - (48 - 65). Let y(x) = -x**3 + 13*x**2 - 21*x - 14. Determine y(t).
-3
Let n(v) be the first derivative of v - 39 + 1/2*v**2. What is n(-7)?
-6
Suppose 0 = -2*u - 93 + 4019. Suppose -1965 = -c - u. Let i(w) = -8*w**2 - w + 3. Calculate i(c).
-31
Let d be 48/12 + 5/(10/(-4)). Let f(c) = -5*c - 15*c**2 + 2*c + 3 + 3*c**d + 4*c**2 + 6*c**2. Calculate f(-4).
-17
Suppose -22*u - 276 = u + 23*u. Let x(w) = w**3 + 8*w**2 + 3*w - 36. What is x(u)?
18
Suppose -7*c + 5 = 2*n - 8*c, 2*n - 2*c = 0. Let i(d) = -d**3 + 6*d**2 + d + 5. Give i(n).
35
Let b(g) be the second derivative of g**5/20 + g**4/4 + 2*g**3/3 + 2*g**2 - 46*g. Let r be b(-2). Let u(t) = -t**3 - t - 6. Calculate u(r).
-6
Let k(s) = -32*s**2 - 21*s + 13*s**2 + 2*s**2 + 4*s**2 - 18 + 11*s**2. Calculate k(-10).
-8
Let q(k) = -3*k**2 - 29*k - 5. Let r(z) = -3*z**2 - 26*z - 9. Let t(y) = 5*q(y) - 6*r(y). What is t(-6)?
71
Let u(q) be the first derivative of q**3/3 + 6*q**2 + 35*q + 351. What is u(-9)?
8
Let w = -4262 - -4255. Let a(f) = 11*f + 54. Calculate a(w).
-23
Suppose -3*x - 35 = -z, 465*z = 5*x + 463*z + 60. Let g(t) = 9*t + 66. Calculate g(x).
-24
Let u(t) be the second derivative of 25*t**3/6 + 40*t**2 - 9822*t. Give u(-3).
5
Let c(r) be the first derivative of -r**2/2 + 8*r - 1. Let x(l) = -l**3 + 11*l**2 - 13*l - 14. Let f be x(10). Let i be 11/(f/(-48)) - 1. Calculate c(i).
-3
Let p(z) = 4195*z**2 - 2 + 4*z + 4196*z**2 - 22 - 8390*z**2. What is p(-8)?
8
Suppose -9 = -3*z - 0, 0 = 4*w - 3*z + 9. Suppose w = -3*y - 83 + 797. Let p(j) = -y*j + 119*j + 118*j + 4. Determine p(6).
-2
Suppose 30 = 30*t - 20*t. Let w(u) = -12630*u + 12630*u + 1 + 8*u**t. What is w(-1)?
-7
Let j be ((-4)/3)/((-29)/87). Suppose -2*c - k = 3*c - 42, -c - k + 6 = 0. Suppose j*f + c = -11. Let l(x) = -x - 9. What is l(f)?
-4
Let b = 165 + -160. Suppose 0 = -b*p - 4*i - 9 + 29, 4 = p - 5*i. Let y(a) = a**2 + 2*a - 6. Give y(p).
18
Let d(g) be the third derivative of -2*g**2 - g**3 + 0*g**4 + 1/60*g**5 + 0 + 54*g. Let x(j) = j**3 - 1. Let o be x(1). What is d(o)?
-6
Let c be (-5 + 285/60)*(0 + 0). Let n(p) = -3*p**2 + 3*p + p + c*p - 5*p + 6*p**2 - 2. Give n(2).
8
Let j(c) = 4*c. Suppose 2*d = v + 6, -15*v = -3*d - 14*v + 8. Suppose -d*a = 3*k + 17, 3*a - 3*k = -0*a + 12. Determine j(a).
-4
Let t be (-2 - 1)/(171/(-38))*-3. Let l(y) = 5*y + 10. Calculate l(t).
0
Suppose -799*a + 803*a = -3*i + 86, 4*i = 2*a - 32. Let p(l) = l**3 - 20*l**2 + 2*l - 25. Calculate p(a).
15
Let p(m) = -3*m**2 + 11*m - 2. Let d(l) = -2*l**2 + 9*l - 1. Let v(n) = 5*d(n) - 4*p(n). Suppose 9 = -52*y + 55*y. Give v(y).
24
Suppose -2*g - 12 = -3*g. Let y(s) = 13*s**2 - 59*s + 82. Let u(q) = 7*q**2 - 31*q + 44. Let x(m) = -11*u(m) + 6*y(m). What is x(g)?
-4
Let j(z) = -2*z + 11. Let p(a) = a**2 + 42*a + 193. Let s be p(-37). Calculate j(s).
-5
Let s(x) = x**2 + x - 1. Let t(r) = 2*r**2 - 4*r - 8. Let w be t(4). Suppose -2*d + w - 16 = 5*v, 2*d - 4*v = -8. What is s(d)?
11
Let i(x) = -24 - 36 - 25 + 91 + 5*x**2 + 2*x + x**3. Calculate i(-5).
-4
Let g(n) = n**3 - n**2 + n + 2. Let f be g(2). Let w = -12 + f. Let p(u) = 5*u**2 - 19 - 5*u**3 + 8 + 8 + 6*u**3 + 3*u. Calculate p(w).
1
Let p(j) = -j**2 + 33*j + 36. Let r be p(34). Let c(a) = -4*a**r + 4*a**2 - 1707 + a + 1709 - 5*a**2 - 3*a. Give c(1).
-5
Let l(q) = -7*q**3 + 13*q**2 + 15*q + 23. Let r(o) = -2*o**3 + o**2 + 7. Let v(n) = -l(n) + 4*r(n). Give v(-7).
12
Let u(m) = 9*m + 3067 - 1657 - 1510. What is u(11)?
-1
Let v(i) = -4*i - 2. Let w(g) = 7*g - 26. Let p be w(4). Let d be (446/(-6))/(p/(-6)). Suppose -218*k + d*k + 10 = 0. Calculate v(k).
6
Let i be (-2)/((-20)/766) + (-10)/(-25). Let q be (-336)/(-33) + (-14)/i. Let b(r) = -r**2 + r**2 - q - 6*r - r**2 + 2*r**2. Determine b(7).
-3
Let g(l) = 67*l - 28. Let v(t) = 56*t - 30. Let c(s) = 5*g(s) - 6*v(s). What is c(19)?
21
Suppose -7 = -2*f - 2*d - 3, -3*d - 12 = -3*f. Let a(h) = 10 - 9*h - f*h**3 - 11 + 2*h**3 + 2*h**3 + 8*h**2. Determine a(-9).
-1
Let t(u) = 5*u + 10. Suppose -8*d - 3 + 35 = 0. Let n(w) = -4*w - 10. Let l(g) = d*n(g) + 3*t(g). What is l(-9)?
-1
Let q(a) be the second derivative of -3*a**3 - 13*a**2/2 - 2*a - 2031. Determine q(-1).
5
Suppose 0 = 3*d + 4*w - 37, d - 23*w + 19*w + 25 = 0. Let u(f) be the third derivative of -1/24*f**4 - 12*f**2 + 0*f + 0 + 2/3*f**d. Calculate u(7).
-3
Let o(x) be the second derivative of -4*x**3 + 53*x**2/2 + 4108*x. What is o(4)?
-43
Let j(w) = 6*w**2 - 62*w + 2. Let s(y) = 13*y**2 - 137*y + 3. Let g(t) = -9*j(t) + 4*s(t). What is g(9)?
-78
Let k = -790 - -789. Let r(m) = 8*m**2 + 5*m + 5. Determine r(k).
8
Let w(m) = -5*m + 2. Let a(j) = -34*j - 430. Let k(y) = a(y) - 3*w(y). Determine k(-23).
1
Let c(a) = -286*a + 5157. Let y be c(18). Let m(b) be the second derivative of b**4/12 - 3*b**3/2 + 11*b**2/2 + b. Calculate m(y).
11
Let a(g) be the first derivative of -g**2 + 23*g + 3781. Determine a(-23).
69
Let j(c) = -c**3 - 18*c**2 + 17*c - 32. Let g = -11862 - -11843. Give j(g).
6
Let v(t) = t**2 - 6*t + 1. Let m = -73 + 77. Suppose 0 = -c - m*z + 21, -2*c + 17*z + 6 = 16*z. Determine v(c).
-4
Let y be 6 + (-15 - -23) + -4. Let a(s) = 20*s - 200. What is a(y)?
0
Let n(s) = -s**2 + 1 + 1 + 3 - 3 - s. Suppose 9*k = 4*k. Suppose -7*z - 28 = -k*z. What is n(z)?
-10
Let k(t) be the first derivative of 1/2*t**2 + 4 - t**3 + 0*t. Let g be (-1)/((-8)/(-6) - 5/15). Give k(g).
-4
Let c(q) be the second derivative of q**4/12 - q**3/3 - 3*q**2/2 + 87*q. Suppose 5*x = -5*z - 5, x - 6 = 4*z + 3*x. Determine c(z).
5
Let x(h) be the second derivative of -5*h**4/12 + h**3/3 - 19*h**2/2 + 34*h - 8. Calculate x(0).
-19
Let c(l) = 2*l - 17. Let b = 10781 - 10773. Determine c(b).
-1
Suppose 8*c - 9*c = 2*x + 7, -5*c = 3*x + 35. Let s(q) = -9*q**2 - 18*q - 12. Let y(g) = -4*g**2 - 9*g - 5. Let w(d) = c*y(d) + 3*s(d). Calculate w(-5).
-21
Let n(j) be the second derivative of -j**5/5 + j**4/6 + 2*j**3/3 - 2*j**2 - 250*j. Calculate n(2).
-20
Let v = -49 + 50. Let a be -3 + v + 4 - (-17 - -14). Let g(r) = -r**3 - 10*r**2 + 12*r + 5*r**3 - 3 + 10 - a*r**3. Give g(-11).
-4
Let d(h) = -11*h**2 - h + 1. Let c(x) = -5*x**2 - 9*x + 49. Let w(z) = 11*z**2 + 17*z - 98. Let i(b) = 9*c(b) + 4*w(b). Let f be i(-16). Give d(f).
-11
Let o(b) = -b**2 - 4*b. Let d be o(-3). Suppose 5*a + d*u - 3 + 19 = 0, -3*u = -a + 4. Let t(c) = 4*c**2 + 4*c + 3. What is t(a)?
11
Let r be (17/(-2))/(35/70). Let w be (-27)/108 + r/(-4). Let a(x) = -x**3 + 3*x**2 + x + 9. What is a(w)?
-3
Let b(j) = 68*j**2 - 14*j + 140. Let n(t) = 29*t**2 - 7*t + 70. Let r(y) = 3*b(y) - 7*n(y). What is r(-13)?
8
Let b(f) be the second derivative of -f**4/6 - 5*f**3/3 + 5*f**2 + 179*f. Let v be ((-477)/63 - 1) + 8/14. What is b(v)?
-38
Let b(m) = 2*m**3 + 27*m**2 - 12*m + 40. Let y be b(-14). Let i be (-4 + y)/(12/6). Let a(v) = -v**3 + 6*v**2 - 3*v - 5. Give a(i).
15
Suppose 0 = -3*g + 90 + 69. Let z = g + -50. Let v(h) = z + h + 3 - 5 - 3*h. What is v(-5)?
11
Let j(f) = 67*f**2 - 19*f + 26. Let t(l) = -19*l**2 + 6*l - 9. Let c(q) = 2*j(q) + 7*t(q). Calculate c(-5).
-6
Suppose 2 = -4*h + 14. Let r = 362 + -118